-213)/5*(-4)/12. Let h = m + n. What is the remainder when 133 is divided by h?
25
Suppose 51*m - 1869 = 50*m + 2*k, -2*k + 7416 = 4*m. What is the remainder when m is divided by 15?
12
Suppose 694 = h + 4*h + u, -3*h - 2*u + 415 = 0. Suppose 3*a - 2*p - 3*p - 133 = 0, 3*a = -p + h. Calculate the remainder when a is divided by 7.
4
Let n be (-4)/(-14) - (-2160)/35. Let c be (-1)/(-4 - 1775/(-445)). Let x = c - n. Calculate the remainder when 80 is divided by x.
26
Let x = 1463 + 1730. Calculate the remainder when x is divided by 13.
8
Let j(d) = -34*d + 3. Let f(h) = -17*h + 1. Let r(l) = -7*f(l) + 4*j(l). Let z = 49 + -51. What is the remainder when r(z) is divided by 7?
4
Suppose -14190 = -18*d - 59*d + 22*d. What is the remainder when 788 is divided by d?
14
Let b(y) = -89*y + 3 + 92*y + 0. Calculate the remainder when b(15) is divided by 14.
6
Let x = 3338 + -2508. Calculate the remainder when x is divided by 52.
50
Suppose -4*d + 2439 = -f + 11696, -5*d + 27754 = 3*f. Suppose -10*n = -f + 2223. What is the remainder when n is divided by 16?
15
Suppose 0 = 5*c - 4*m - 128, -3*m - 100 = -4*c + m. Suppose 46*q - 133*q = -10440. Calculate the remainder when q is divided by c.
8
Suppose -224 = -25*p + 21*p. Calculate the remainder when p is divided by 27/15*10/3.
2
Suppose -3*x - 7 = 5*b - 67, 4*x = -b + 97. Suppose 0*y - 3*y + 219 = 0. Let l = y + -36. Calculate the remainder when l is divided by x.
12
Let g(p) = 8*p - 59. Let t be g(8). Suppose t*b - 448 = -z - 128, 2*b = 0. What is the remainder when z is divided by 19?
16
Let f(h) = -2*h**2 - 163*h + 111. What is the remainder when f(-40) is divided by 13?
12
Let f(o) = -61*o + 2 + 24*o + 6*o + 12*o. Let m be f(-2). Suppose m = 81*w - 79*w. Calculate the remainder when 51 is divided by w.
11
Let q = 159205 - 159166. Suppose -2*h - 197 = -3*h. Let v = h - 84. Calculate the remainder when v is divided by q.
35
Let o = -43 + 43. Suppose 2*i - 327 + 33 = o. Suppose 3*m - 3*k = i - 9, k = 3*m - 136. What is the remainder when m is divided by 10?
5
Let z = 0 - 6. Suppose -4*g + 5*w = -4, 2*w - 2 = 2*g - 4*g. Calculate the remainder when 50 is divided by 9/(((-2)/z)/g).
23
Suppose 117*i = -2421 + 14004. What is the remainder when 988 is divided by i?
97
Suppose 41*s - 16013 = 9038. Calculate the remainder when s is divided by 190.
41
Let i = -20 + 31. Suppose -o - i = -20. Let s(z) = 4*z + 12. What is the remainder when s(8) is divided by o?
8
Calculate the remainder when 734 is divided by (-21)/(-3) + -6*(-172)/12.
83
Suppose -n - 3*k + 0*k = -159, n - 119 = 5*k. Let g = 152 - n. What is the remainder when 62 is divided by g?
6
Let r(m) = 10*m**2 + 238*m + 869. What is the remainder when 532 is divided by r(-4)?
70
Let x(c) = -12*c + 2. Let m be x(-2). Let i = m - 17. What is the remainder when ((-13)/(91/(-1806)))/(0 - -6) is divided by i?
7
Let v(t) = t**3 - 8*t**2 + 17*t - 36. Let i be v(9). Let f = 292 - i. What is the remainder when f is divided by 35?
24
Suppose 3*a + 551 = 2*i, 0*i - a + 1095 = 4*i. What is the remainder when i is divided by 67?
6
Let p(j) = -2*j**2 + 9*j + 7. Let y be p(7). What is the remainder when 74 is divided by -4*(-7 + (-91)/y)?
14
Let z(k) = 144*k - 282. Calculate the remainder when 417 is divided by z(2).
3
Calculate the remainder when -4*18/24 - 711/(-3) is divided by 101.
32
Suppose -141*u + 554 + 292 = 0. What is the remainder when 28 is divided by u?
4
Let t = -201 - -196. What is the remainder when 29 is divided by (1 - 3)/(1/t)?
9
Let s be (2 + -4)/(13 + -12). Let y(o) = -14*o - 3. Let t be y(s). Let a = -15 + t. What is the remainder when 33 is divided by a?
3
What is the remainder when (1 + 186/(-10))/((-88)/660) is divided by 18?
6
Let x = -28689 - -29395. What is the remainder when x is divided by 676?
30
Suppose -3*c + 3623 = 5*q - 3588, -4*q + c = -5745. What is the remainder when q is divided by 29?
17
Suppose -3421 = 21*d + 338. Let i = d + 236. Calculate the remainder when i is divided by 22.
13
Let v(h) = -3*h - 51. Let a be v(-16). What is the remainder when -3 - ((a - -3) + -121) is divided by 24?
22
Suppose 54*t = 1807 + 14069. Calculate the remainder when t is divided by 26.
8
Suppose 4*h - 262 - 1490 = -5*u, -3*h = -3*u - 1287. Calculate the remainder when h is divided by 100.
33
Suppose 3*j - 6*j = 6, 4*a - 3*j = 190. Let x(i) = -8 + 0*i**2 - 15*i + 5*i - i**2. What is the remainder when a is divided by x(-6)?
14
What is the remainder when 197/1 - 20/5 is divided by -4 + 1/(-2 - (-234)/114)?
13
Suppose 20*b - 15*b - 20 = 0. Let l be (b/(-1) - -3) + 13. Suppose 16*m = l*m + 108. Calculate the remainder when 132 is divided by m.
24
Suppose -2 = -17*a + 6849. Calculate the remainder when a is divided by 109.
76
Suppose g = -3*l + 51, 3*g - l + 5 = 198. Suppose -2*v + 5*c = -103 - 546, c = -v + 307. What is the remainder when v is divided by g?
60
Suppose 5 = 7*c + 12. Let w(b) = 19*b + 2. Let r(t) = -37*t - 4. Let f(n) = -6*r(n) - 13*w(n). Calculate the remainder when f(c) is divided by 13.
10
Let t(d) = 2*d**3 + 17*d**2 + 4*d - 66. Calculate the remainder when 2487 is divided by t(-7).
49
Calculate the remainder when (3 - 74696/(-264)) + (-4)/(-66) is divided by 9.
7
Let a(s) = -167*s + 1526. What is the remainder when a(6) is divided by 24?
20
Let z(y) = -179*y - 439. Calculate the remainder when 194 is divided by z(-3).
96
Let r = 131 + 184. Let x = r + -311. Calculate the remainder when 41 is divided by x.
1
Let n(g) = -22*g - 108. Let p be n(-17). Let m = -261 + p. What is the remainder when 7 is divided by m?
2
Suppose -2*z + 2*a = -424, 4*z - 866 = -8*a + 3*a. Suppose -68*c = -85*c + 1241. What is the remainder when z is divided by c?
68
Suppose -13 + 17 = -4*v, -3*v = 3*b - 927. Let q = b + -303. Calculate the remainder when 75 is divided by q.
5
Let l = -20 - -11. Let t(c) = -c**2 + 9*c + 17. Let k(h) = 2*h**2 - 7*h - 16. Let b(v) = -2*k(v) - 3*t(v). What is the remainder when 30 is divided by b(l)?
13
Suppose 9*m - 160 = 281. Suppose 2*t + 59 = 253. Calculate the remainder when t is divided by m/2 - 1/4*-2.
22
Let d(v) = 4*v + 17 - 2*v**3 - 5 - 29*v**2 + 23*v**2 + 3*v**3. What is the remainder when d(7) is divided by 23?
20
Suppose -1406 = -12*r - 32*w + 33*w, 3*w = -6. What is the remainder when 328 is divided by r?
94
Suppose -340 = -4*u - 4*c - 0, 411 = 5*u + 3*c. Let j(p) = 9*p - 5. Calculate the remainder when u is divided by j(5).
38
Suppose -8*v - 4*m + 2708 = -6*v, -4046 = -3*v - 2*m. Calculate the remainder when v is divided by 54.
50
Suppose -2*d + 118 = 3*p, d + 192 = 5*p + 2*d. What is the remainder when (p/19)/(0 - 2/(-17)) is divided by (-6)/(144/(-147)) - 1/8?
5
Let l(a) be the first derivative of -3*a**2 + 15*a - 26. Let j be l(3). Calculate the remainder when 182 is divided by (-3 + 6)*(j + (-165)/(-9)).
44
Suppose -353 = -4*l + y, 46*l - 48*l + 175 = -y. Calculate the remainder when 3559 is divided by l.
88
Let t be 1*(37 - (3 - 4)). Let b = 61 - t. Suppose 4 = u - 2*o, -u + 0*o - 4 = -4*o. What is the remainder when b is divided by u?
11
Let j(b) = b - 10. Let c be j(7). Let k be (2/(-12)*c)/((-9)/18). What is the remainder when 229/6 + k/6 is divided by 10?
8
Let z = 3076 + -2940. Calculate the remainder when 556 is divided by z.
12
Suppose 189 = 2*i - l - 0*l, 284 = 3*i - l. Calculate the remainder when i is divided by 95.
0
Let m = -2944 - -3089. Calculate the remainder when 3041 is divided by m.
141
What is the remainder when 758 is divided by (24/40)/((-16)/(-5200))?
173
Let o = 24 + 20. Let t(i) = -6*i**3 + 27*i**2 - 8*i - 3. Let g be t(4). Suppose -z = l - g, z - 21 = -0*z - 3*l. Calculate the remainder when o is divided by z.
8
Suppose 73 = q - 4*i, 4*i - 290 = 479*q - 489*q. Suppose 3*u = -u + 40. Calculate the remainder when q is divided by u.
3
What is the remainder when 2 - -531 - (-6 - 1*(-5 - 8)) is divided by 19?
13
Let o(c) = -4*c - 4. Let m be o(-1). Suppose -3*w + 381 = -m*w - 4*v, -5*w = -5*v - 640. Suppose w = 11*q - 111. What is the remainder when q is divided by 9?
4
Let a be (0 - 1)/1*-25. Suppose -v - 2*i = -6*i - 18, 5*v + 3*i = -a. What is the remainder when 144 is divided by ((-7)/21)/(v/174)?
28
Let o = 4009 - 3986. Let k = -14 + 27. What is the remainder when o is divided by k?
10
